{"id":708,"date":"2025-06-18T16:43:29","date_gmt":"2025-06-18T16:43:29","guid":{"rendered":"https:\/\/ekg.jel.mybluehost.me\/website_d00f3b9d\/?page_id=14"},"modified":"2025-07-10T21:11:41","modified_gmt":"2025-07-10T19:11:41","slug":"najwyzszej-jakosci-produkty-prime-fresh","status":"publish","type":"page","link":"https:\/\/primefresh.pl\/index.php\/najwyzszej-jakosci-produkty-prime-fresh\/","title":{"rendered":"Najwy\u017cszej Jako\u015bci Produkty Prime Fresh"},"content":{"rendered":"\n<div class=\"wp-block-premium-container premium-container-206aef9c0bd9  alignfull premium-is-root-container\"><div class=\"premium-container-inner-blocks-wrap\">\n<div class=\"wp-block-premium-heading premium-heading default premium-heading-d25554c25b8d\"><div class=\"premium-title-container default \" data-backgroundtext=\"\" id=\"premium-heading-d25554c25b8d\" data-icontype=\"icon\"><h1 class=\"premium-title-header premium-title-default__wrap  \" data-blur-delay=\"\" data-shiny-dur=\"\"><span class=\"premium-title-text-title\" style=\"min-height:15px;color:var(--theme-palette-color-8, #ffffff);text-shadow:0px 0px 10px transparent\">Owoce i warzywa premium dla biznesu<\/span><\/h1><\/div><\/div>\n\n\n\n<p class=\"has-text-align-center has-palette-color-8-color has-text-color has-link-color wp-elements-787d76bb14fe63b37c6809ae1e761aa6\"><strong>Jako\u015b\u0107 potwierdzona certyfikatami, dostosowana do potrzeb przemys\u0142u i handlu<\/strong><\/p>\n<\/div><\/div>\n\n\n\n<h2 class=\"wp-block-heading has-text-align-center\"><strong>Poznaj nasze produkty<\/strong><\/h2>\n\n\n\n<div class=\"wp-block-premium-container premium-container-dbbfd6d16777  alignfull premium-is-root-container\"><div class=\"premium-container-inner-blocks-wrap\">\n<div class=\"wp-block-premium-container premium-container-45ced3141672 \"><div class=\"premium-container-inner-blocks-wrap\">\n<div class=\"wp-block-premium-icon-box premium-icon-box-5ca056660688 is-style-var1\"><div class=\"premium-icon-box-content is-style-var1 left\" style=\"border-style:none;border-color:#dcdcdc\">\n<div class=\"wp-block-premium-icon premium-icon premium-icon-20463bc607f3 premium-icon__container is-style-var1-icon\" data-icontype=\"img\" id=\"premium-icon-20463bc607f3\"><div class=\"premium-icon-container premium-icon-class-css\" style=\"border-style:none;box-shadow:0px 0px 10px transparent \"><div class=\"premium-icon-content premium-icon__drop\"><img loading=\"lazy\" decoding=\"async\" src=\"http:\/\/primefresh.pl\/wp-content\/uploads\/2025\/06\/cir-tomate-1.webp\" class=\"wp-image-567 wp-image-568\" alt=\"\" width=\"260\" height=\"260\"\/><\/div><\/div><\/div>\n\n\n\n<div class=\"wp-block-premium-text premium-text-108a971fd650 premium-text\"><h3 class=\"premium-text-wrap\">Pomidory<\/h3><\/div>\n\n\n\n<div class=\"wp-block-premium-text premium-text-25dfb179b679 premium-text\"><p class=\"premium-text-wrap\">Soczysta s\u0142odycz, kt\u00f3ra podbija serca smakoszy! Idealny do sa\u0142atek i da\u0144 premium.<br><br><\/p><\/div>\n\n\n\n<div class=\"wp-block-premium-buttons premium-button-group premium-button-group-ae103f1dadcf\"><div class=\"premium-button-group_wrap premium-button-group-class-css\">\n<div class=\"wp-block-premium-button premium-button__wrap premium-button-d739a816aaf9 premium-button__none premium-button__top\" data-icontype=\"icon\" id=\"premium-button-d739a816aaf9\"><a href=\"https:\/\/primefresh.pl\/index.php\/pomidory-hurt-prime-fresh\/\" rel=\"noopener noreferrer \" target=\"_self\" class=\"premium-button wp-block-button__link premium-button__md premium-button__before premium-button-type\"><span class=\"premium-button-text-edit\" style=\"text-shadow:0px 0px 10px transparent\">Dowiedz si\u0119 wi\u0119cej<\/span><\/a><\/div>\n<\/div><\/div>\n<\/div><\/div>\n<\/div><\/div>\n\n\n\n<div class=\"wp-block-premium-container premium-container-512fa7ebc61a \"><div class=\"premium-container-inner-blocks-wrap\">\n<div class=\"wp-block-premium-icon-box premium-icon-box-283c0b1b7317 is-style-var1\"><div class=\"premium-icon-box-content is-style-var1 left\" style=\"border-style:none;border-color:#dcdcdc\">\n<div class=\"wp-block-premium-icon premium-icon premium-icon-9849e6a9769e premium-icon__container is-style-var1-icon\" data-icontype=\"img\" id=\"premium-icon-9849e6a9769e\"><div class=\"premium-icon-container premium-icon-class-css\" style=\"border-style:none;box-shadow:0px 0px 10px transparent \"><div class=\"premium-icon-content premium-icon__drop\"><img loading=\"lazy\" decoding=\"async\" src=\"http:\/\/primefresh.pl\/wp-content\/uploads\/2025\/06\/cir-borowki-1.webp\" class=\"wp-image-578 wp-image-579\" alt=\"\" width=\"260\" height=\"260\"\/><\/div><\/div><\/div>\n\n\n\n<div class=\"wp-block-premium-text premium-text-b9e10e9d2e69 premium-text\"><h3 class=\"premium-text-wrap\">Bor\u00f3wki<\/h3><\/div>\n\n\n\n<div class=\"wp-block-premium-text premium-text-08743c3cba70 premium-text\"><p class=\"premium-text-wrap\">Polskie z\u0142oto w\u015br\u00f3d superfoods! Soczyste, s\u0142odkie i pe\u0142ne antyoksydant\u00f3w.<br><br><\/p><\/div>\n\n\n\n<div class=\"wp-block-premium-buttons premium-button-group premium-button-group-9f573e06a7d4\"><div class=\"premium-button-group_wrap premium-button-group-class-css\">\n<div class=\"wp-block-premium-button premium-button__wrap premium-button-8da837b94438 premium-button__none premium-button__top\" data-icontype=\"icon\" id=\"premium-button-8da837b94438\"><a href=\"https:\/\/primefresh.pl\/index.php\/borowki-hurt-prime-fresh\/\" rel=\"noopener noreferrer \" target=\"_self\" class=\"premium-button wp-block-button__link premium-button__md premium-button__before premium-button-type\"><span class=\"premium-button-text-edit\" style=\"text-shadow:0px 0px 10px transparent\">Dowiedz si\u0119 wi\u0119cej<\/span><\/a><\/div>\n<\/div><\/div>\n<\/div><\/div>\n<\/div><\/div>\n\n\n\n<div class=\"wp-block-premium-container premium-container-a47cff0d9c0e \"><div class=\"premium-container-inner-blocks-wrap\">\n<div class=\"wp-block-premium-icon-box premium-icon-box-8c62038b06b9 is-style-var1\"><div class=\"premium-icon-box-content is-style-var1 left\" style=\"border-style:none;border-color:#dcdcdc\">\n<div class=\"wp-block-premium-icon premium-icon premium-icon-ebf6f4a30af3 premium-icon__container is-style-var1-icon\" data-icontype=\"img\" id=\"premium-icon-ebf6f4a30af3\"><div class=\"premium-icon-container premium-icon-class-css\" style=\"border-style:none;box-shadow:0px 0px 10px transparent \"><div class=\"premium-icon-content premium-icon__drop\"><img loading=\"lazy\" decoding=\"async\" src=\"http:\/\/primefresh.pl\/wp-content\/uploads\/2025\/06\/cir-fresas-1.webp\" class=\"wp-image-584 wp-image-585\" alt=\"\" width=\"260\" height=\"260\"\/><\/div><\/div><\/div>\n\n\n\n<div class=\"wp-block-premium-text premium-text-6b427f9b5b00 premium-text\"><h3 class=\"premium-text-wrap\">Truskawki<\/h3><\/div>\n\n\n\n<div class=\"wp-block-premium-text premium-text-162d6deabd71 premium-text\"><p class=\"premium-text-wrap\">S\u0142oneczna s\u0142odycz prosto z polskich p\u00f3l! Idealne do deser\u00f3w, sok\u00f3w i zdrowych przek\u0105sek.<br><\/p><\/div>\n\n\n\n<div class=\"wp-block-premium-buttons premium-button-group premium-button-group-3d6560e1337e\"><div class=\"premium-button-group_wrap premium-button-group-class-css\">\n<div class=\"wp-block-premium-button premium-button__wrap premium-button-61add1989334 premium-button__none premium-button__top\" data-icontype=\"icon\" id=\"premium-button-61add1989334\"><a href=\"https:\/\/primefresh.pl\/index.php\/truskawki-hurt-prime-fresh\/\" rel=\"noopener noreferrer \" target=\"_self\" class=\"premium-button wp-block-button__link premium-button__md premium-button__before premium-button-type\"><span class=\"premium-button-text-edit\" style=\"text-shadow:0px 0px 10px transparent\">Dowiedz si\u0119 wi\u0119cej<\/span><\/a><\/div>\n<\/div><\/div>\n<\/div><\/div>\n<\/div><\/div>\n\n\n\n<div class=\"wp-block-premium-container premium-container-ac303c44a45d \"><div class=\"premium-container-inner-blocks-wrap\">\n<div class=\"wp-block-premium-icon-box premium-icon-box-1fcb250b0888 is-style-var1\"><div class=\"premium-icon-box-content is-style-var1 left\" style=\"border-style:none;border-color:#dcdcdc\">\n<div class=\"wp-block-premium-icon premium-icon premium-icon-d716d1a472cf premium-icon__container is-style-var1-icon\" data-icontype=\"img\" id=\"premium-icon-d716d1a472cf\"><div class=\"premium-icon-container premium-icon-class-css\" style=\"border-style:none;box-shadow:0px 0px 10px transparent \"><div class=\"premium-icon-content premium-icon__drop\"><img loading=\"lazy\" decoding=\"async\" src=\"http:\/\/primefresh.pl\/wp-content\/uploads\/2025\/06\/cir-manzana-1.webp\" class=\"wp-image-586 wp-image-587\" alt=\"\" width=\"260\" height=\"260\"\/><\/div><\/div><\/div>\n\n\n\n<div class=\"wp-block-premium-text premium-text-75e536acf0b2 premium-text\"><h3 class=\"premium-text-wrap\">Jab\u0142ka<\/h3><\/div>\n\n\n\n<div class=\"wp-block-premium-text premium-text-76943a02b822 premium-text\"><p class=\"premium-text-wrap\">Chrupka doskona\u0142o\u015b\u0107 z polskich sad\u00f3w! Idealne do sprzeda\u017cy luzem, sok\u00f3w i wypiek\u00f3w.<\/p><\/div>\n\n\n\n<div class=\"wp-block-premium-buttons premium-button-group premium-button-group-8cd4cb4cf8b8\"><div class=\"premium-button-group_wrap premium-button-group-class-css\">\n<div class=\"wp-block-premium-button premium-button__wrap premium-button-b4c9e7f20e4a premium-button__none premium-button__top\" data-icontype=\"icon\" id=\"premium-button-b4c9e7f20e4a\"><a href=\"https:\/\/primefresh.pl\/index.php\/jablka-hurtowe-prime-fresh\/\" rel=\"noopener noreferrer \" target=\"_self\" class=\"premium-button wp-block-button__link premium-button__md premium-button__before premium-button-type\"><span class=\"premium-button-text-edit\" style=\"text-shadow:0px 0px 10px transparent\">Dowiedz si\u0119 wi\u0119cej<\/span><\/a><\/div>\n<\/div><\/div>\n<\/div><\/div>\n<\/div><\/div>\n\n\n\n<div class=\"wp-block-premium-container premium-container-024f634778e4 \"><div class=\"premium-container-inner-blocks-wrap\">\n<div class=\"wp-block-premium-icon-box premium-icon-box-a230471f8bbc is-style-var1\"><div class=\"premium-icon-box-content is-style-var1 left\" style=\"border-style:none;border-color:#dcdcdc\">\n<div class=\"wp-block-premium-icon premium-icon premium-icon-13c21f9fdca3 premium-icon__container is-style-var1-icon\" data-icontype=\"img\" id=\"premium-icon-13c21f9fdca3\"><div class=\"premium-icon-container premium-icon-class-css\" style=\"border-style:none;box-shadow:0px 0px 10px transparent \"><div class=\"premium-icon-content premium-icon__drop\"><img loading=\"lazy\" decoding=\"async\" src=\"http:\/\/primefresh.pl\/wp-content\/uploads\/2025\/06\/cir-ciruela-1.webp\" class=\"wp-image-582 wp-image-583\" alt=\"\" width=\"260\" height=\"260\"\/><\/div><\/div><\/div>\n\n\n\n<div class=\"wp-block-premium-text premium-text-3e6dce889474 premium-text\"><h3 class=\"premium-text-wrap\">\u015aliwki<\/h3><\/div>\n\n\n\n<div class=\"wp-block-premium-text premium-text-b5251a4f903c premium-text\"><p class=\"premium-text-wrap\">S\u0142odko-winny smak polskiego lata! Idealne na przetwory, do suszenia i deser\u00f3w.<br><br><\/p><\/div>\n\n\n\n<div class=\"wp-block-premium-buttons premium-button-group premium-button-group-365c74b20f1e\"><div class=\"premium-button-group_wrap premium-button-group-class-css\">\n<div class=\"wp-block-premium-button premium-button__wrap premium-button-7866824b801e premium-button__none premium-button__top\" data-icontype=\"icon\" id=\"premium-button-7866824b801e\"><a href=\"https:\/\/primefresh.pl\/index.php\/sliwki-hurt-prime-fresh\/\" rel=\"noopener noreferrer \" target=\"_self\" class=\"premium-button wp-block-button__link premium-button__md premium-button__before premium-button-type\"><span class=\"premium-button-text-edit\" style=\"text-shadow:0px 0px 10px transparent\">Dowiedz si\u0119 wi\u0119cej<\/span><\/a><\/div>\n<\/div><\/div>\n<\/div><\/div>\n<\/div><\/div>\n\n\n\n<div class=\"wp-block-premium-container premium-container-e7cbb5fa12eb \"><div class=\"premium-container-inner-blocks-wrap\">\n<div class=\"wp-block-premium-icon-box premium-icon-box-7df752db3e47 is-style-var1\"><div class=\"premium-icon-box-content is-style-var1 left\" style=\"border-style:none;border-color:#dcdcdc\">\n<div class=\"wp-block-premium-icon premium-icon premium-icon-a735316dffb5 premium-icon__container is-style-var1-icon\" data-icontype=\"img\" id=\"premium-icon-a735316dffb5\"><div class=\"premium-icon-container premium-icon-class-css\" style=\"border-style:none;box-shadow:0px 0px 10px transparent \"><div class=\"premium-icon-content premium-icon__drop\"><img loading=\"lazy\" decoding=\"async\" src=\"http:\/\/primefresh.pl\/wp-content\/uploads\/2025\/06\/cir-cereza-1.webp\" class=\"wp-image-580 wp-image-581\" alt=\"\" width=\"260\" height=\"260\"\/><\/div><\/div><\/div>\n\n\n\n<div class=\"wp-block-premium-text premium-text-b4504ad65529 premium-text\"><h3 class=\"premium-text-wrap\">Czere\u015bnie<\/h3><\/div>\n\n\n\n<div class=\"wp-block-premium-text premium-text-ce1809e6b804 premium-text\"><p class=\"premium-text-wrap\">S\u0142odkie klejnoty polskiego lata! Perfekcyjne do sprzeda\u017cy \u015bwie\u017cej i przetw\u00f3rstwa premium.<br><br><\/p><\/div>\n\n\n\n<div class=\"wp-block-premium-buttons premium-button-group premium-button-group-9e6fd3b2037e\"><div class=\"premium-button-group_wrap premium-button-group-class-css\">\n<div class=\"wp-block-premium-button premium-button__wrap premium-button-fe7445603369 premium-button__none premium-button__top\" data-icontype=\"icon\" id=\"premium-button-fe7445603369\"><a href=\"https:\/\/primefresh.pl\/index.php\/czeresnie-hurt-prime-fresh\/\" rel=\"noopener noreferrer \" target=\"_self\" class=\"premium-button wp-block-button__link premium-button__md premium-button__before premium-button-type\"><span class=\"premium-button-text-edit\" style=\"text-shadow:0px 0px 10px transparent\">Dowiedz si\u0119 wi\u0119cej<\/span><\/a><\/div>\n<\/div><\/div>\n<\/div><\/div>\n<\/div><\/div>\n<\/div><\/div>\n\n\n\n<div class=\"wp-block-premium-container premium-container-44d49b41d866  alignfull premium-is-root-container\"><div class=\"premium-container-inner-blocks-wrap\">\n<div class=\"wp-block-premium-container premium-container-19e5106c5ce6 \"><div class=\"premium-container-inner-blocks-wrap\">\n<div class=\"wp-block-premium-icon-box premium-icon-box-c7e79f86637b is-style-var1\"><div class=\"premium-icon-box-content is-style-var1 left\" style=\"border-style:none;border-color:#dcdcdc\">\n<div class=\"wp-block-premium-icon premium-icon premium-icon-3e367a21bea5 premium-icon__container is-style-var1-icon\" data-icontype=\"img\" id=\"premium-icon-3e367a21bea5\"><div class=\"premium-icon-container premium-icon-class-css\" style=\"border-style:none;box-shadow:0px 0px 10px transparent \"><div class=\"premium-icon-content premium-icon__drop\"><img loading=\"lazy\" decoding=\"async\" src=\"http:\/\/primefresh.pl\/wp-content\/uploads\/2025\/06\/cir-wisnia-1.webp\" class=\"wp-image-590 wp-image-591\" alt=\"\" width=\"260\" height=\"260\"\/><\/div><\/div><\/div>\n\n\n\n<div class=\"wp-block-premium-text premium-text-e08384e3dd96 premium-text\"><h3 class=\"premium-text-wrap\">Wi\u015bnie<\/h3><\/div>\n\n\n\n<div class=\"wp-block-premium-text premium-text-b929c61e57b8 premium-text\"><p class=\"premium-text-wrap\">kwaskowita moc polskiego lata! Idealne do przetwor\u00f3w, deser\u00f3w i nalewek.<br><br><\/p><\/div>\n\n\n\n<div class=\"wp-block-premium-buttons premium-button-group premium-button-group-157b464907d2\"><div class=\"premium-button-group_wrap premium-button-group-class-css\">\n<div class=\"wp-block-premium-button premium-button__wrap premium-button-4b9927a67c3c premium-button__none premium-button__top\" data-icontype=\"icon\" id=\"premium-button-4b9927a67c3c\"><a href=\"https:\/\/primefresh.pl\/index.php\/wisnie-hurt-prime-fresh\/\" rel=\"noopener noreferrer \" target=\"_self\" class=\"premium-button wp-block-button__link premium-button__md premium-button__before premium-button-type\"><span class=\"premium-button-text-edit\" style=\"text-shadow:0px 0px 10px transparent\">Dowiedz si\u0119 wi\u0119cej<\/span><\/a><\/div>\n<\/div><\/div>\n<\/div><\/div>\n<\/div><\/div>\n\n\n\n<div class=\"wp-block-premium-container premium-container-ba45aaf12873 \"><div class=\"premium-container-inner-blocks-wrap\">\n<div class=\"wp-block-premium-icon-box premium-icon-box-e86c611d56f3 is-style-var1\"><div class=\"premium-icon-box-content is-style-var1 left\" style=\"border-style:none;border-color:#dcdcdc\">\n<div class=\"wp-block-premium-icon premium-icon premium-icon-0ec48b518c88 premium-icon__container is-style-var1-icon\" data-icontype=\"img\" id=\"premium-icon-0ec48b518c88\"><div class=\"premium-icon-container premium-icon-class-css\" style=\"border-style:none;box-shadow:0px 0px 10px transparent \"><div class=\"premium-icon-content premium-icon__drop\"><img loading=\"lazy\" decoding=\"async\" src=\"http:\/\/primefresh.pl\/wp-content\/uploads\/2025\/06\/cir-peras-1.webp\" class=\"wp-image-588 wp-image-589\" alt=\"\" width=\"260\" height=\"260\"\/><\/div><\/div><\/div>\n\n\n\n<div class=\"wp-block-premium-text premium-text-0a12693bd3eb premium-text\"><h3 class=\"premium-text-wrap\">Gruszki<\/h3><\/div>\n\n\n\n<div class=\"wp-block-premium-text premium-text-85c0d659cb45 premium-text\"><p class=\"premium-text-wrap\">S\u0142odycz w idealnej formie! Perfekcyjne do sprzeda\u017cy luzem, sok\u00f3w i eleganckich deser\u00f3w.<\/p><\/div>\n\n\n\n<div class=\"wp-block-premium-buttons premium-button-group premium-button-group-34535a601aef\"><div class=\"premium-button-group_wrap premium-button-group-class-css\">\n<div class=\"wp-block-premium-button premium-button__wrap premium-button-cb11b63d0175 premium-button__none premium-button__top\" data-icontype=\"icon\" id=\"premium-button-cb11b63d0175\"><a href=\"https:\/\/primefresh.pl\/index.php\/gruszki-hurt-prime-fresh\/\" rel=\"noopener noreferrer \" target=\"_self\" class=\"premium-button wp-block-button__link premium-button__md premium-button__before premium-button-type\"><span class=\"premium-button-text-edit\" style=\"text-shadow:0px 0px 10px transparent\">Dowiedz si\u0119 wi\u0119cej<\/span><\/a><\/div>\n<\/div><\/div>\n<\/div><\/div>\n<\/div><\/div>\n<\/div><\/div>\n\n\n\n<div class=\"wp-block-premium-container premium-container-0811599ead95  alignwide premium-is-root-container\"><div class=\"premium-container-inner-blocks-wrap\">\n<div class=\"wp-block-premium-heading premium-heading default premium-heading-6b22319c7f05\"><div class=\"premium-title-container default \" data-backgroundtext=\"\" id=\"premium-heading-6b22319c7f05\" data-icontype=\"icon\"><h2 class=\"premium-title-header premium-title-default__wrap  \" data-blur-delay=\"\" data-shiny-dur=\"\"><span class=\"premium-title-text-title\" style=\"min-height:15px;text-shadow:0px 0px 10px transparent\">Czy Twoja firma nie zas\u0142uguje na wi\u0119cej?<\/span><\/h2><\/div><\/div>\n\n\n\n<div class=\"wp-block-premium-heading premium-heading default premium-heading-2a6b4ba882aa\"><div class=\"premium-title-container default \" data-backgroundtext=\"\" id=\"premium-heading-2a6b4ba882aa\" data-icontype=\"icon\"><h4 class=\"premium-title-header premium-title-default__wrap before \" data-blur-delay=\"\" data-shiny-dur=\"\"><span style=\"display:inline-flex;justify-content:center;align-items:center\" class=\"premium-title-icon fe_phoneIncoming icon-type-fe\"><svg style=\"display:inline-block;vertical-align:middle\" viewBox=\"0 0 24 24\" height=\"24\" width=\"24\" fill=\"none\" stroke=\"currentColor\" xmlns=\"http:\/\/www.w3.org\/2000\/svg\" stroke-width=\"2\" stroke-linecap=\"round\" stroke-linejoin=\"round\"><polyline points=\"16 2 16 8 22 8\"><\/polyline><line x1=\"23\" y1=\"1\" x2=\"16\" y2=\"8\"><\/line><path d=\"M22 16.92v3a2 2 0 0 1-2.18 2 19.79 19.79 0 0 1-8.63-3.07 19.5 19.5 0 0 1-6-6 19.79 19.79 0 0 1-3.07-8.67A2 2 0 0 1 4.11 2h3a2 2 0 0 1 2 1.72 12.84 12.84 0 0 0 .7 2.81 2 2 0 0 1-.45 2.11L8.09 9.91a16 16 0 0 0 6 6l1.27-1.27a2 2 0 0 1 2.11-.45 12.84 12.84 0 0 0 2.81.7A2 2 0 0 1 22 16.92z\"><\/path><\/svg><\/span><span class=\"premium-title-text-title\" style=\"min-height:15px;color:var(--theme-palette-color-8, #ffffff);text-shadow:0px 0px 10px transparent\">Skontaktuj si\u0119 z nami, aby uzyska\u0107 wi\u0119cej informacji <br>na temat wsp\u00f3\u0142pracy i wzmocnienia Twojej firmy.<\/span><\/h4><\/div><\/div>\n\n\n\n<div class=\"wp-block-premium-buttons premium-button-group premium-button-group-85cd555b741b\"><div class=\"premium-button-group_wrap premium-button-group-class-css\">\n<div class=\"wp-block-premium-button premium-button__wrap premium-button-8f48372fd632 premium-button__none premium-button__top\" data-icontype=\"icon\" id=\"premium-button-8f48372fd632\"><a href=\"mailto:joanna@primefresh.pl\" rel=\"noopener noreferrer \" target=\"_self\" class=\"premium-button wp-block-button__link premium-button__md premium-button__before premium-button-type\" style=\"color:var(--theme-palette-color-8, #ffffff)\"><span class=\"premium-button-text-edit\" style=\"color:var(--theme-palette-color-8, #ffffff);text-shadow:0px 0px 10px transparent\">Skontaktuj si\u0119 z nami<\/span><\/a><\/div>\n<\/div><\/div>\n<\/div><\/div>\n","protected":false},"excerpt":{"rendered":"<p>Poznaj nasze produkty<\/p>\n","protected":false},"author":1,"featured_media":0,"parent":0,"menu_order":0,"comment_status":"closed","ping_status":"closed","template":"","meta":{"footnotes":""},"class_list":["post-708","page","type-page","status-publish","hentry"],"blocksy_meta":[],"pbg_featured_image_src":{"full":false,"thumbnail":false,"medium":false,"medium_large":false,"large":false,"1536x1536":false,"2048x2048":false},"pbg_author_info":{"display_name":"admin","author_link":"https:\/\/primefresh.pl\/index.php\/author\/admin\/","author_img":"<img alt='admin' src='https:\/\/secure.gravatar.com\/avatar\/6a1ceb428a775551017f7f087c42c46f709a3408a7fc82a07e55c87553f8724e?s=128&#038;d=mm&#038;r=g' srcset='https:\/\/secure.gravatar.com\/avatar\/6a1ceb428a775551017f7f087c42c46f709a3408a7fc82a07e55c87553f8724e?s=256&#038;d=mm&#038;r=g 2x' class='avatar avatar-128 photo' height='128' width='128' loading='lazy' decoding='async'\/>"},"pbg_comment_info":" No Comments","pbg_excerpt":"Poznaj nasze produkty","_links":{"self":[{"href":"https:\/\/primefresh.pl\/index.php\/wp-json\/wp\/v2\/pages\/708","targetHints":{"allow":["GET"]}}],"collection":[{"href":"https:\/\/primefresh.pl\/index.php\/wp-json\/wp\/v2\/pages"}],"about":[{"href":"https:\/\/primefresh.pl\/index.php\/wp-json\/wp\/v2\/types\/page"}],"author":[{"embeddable":true,"href":"https:\/\/primefresh.pl\/index.php\/wp-json\/wp\/v2\/users\/1"}],"replies":[{"embeddable":true,"href":"https:\/\/primefresh.pl\/index.php\/wp-json\/wp\/v2\/comments?post=708"}],"version-history":[{"count":21,"href":"https:\/\/primefresh.pl\/index.php\/wp-json\/wp\/v2\/pages\/708\/revisions"}],"predecessor-version":[{"id":1224,"href":"https:\/\/primefresh.pl\/index.php\/wp-json\/wp\/v2\/pages\/708\/revisions\/1224"}],"wp:attachment":[{"href":"https:\/\/primefresh.pl\/index.php\/wp-json\/wp\/v2\/media?parent=708"}],"curies":[{"name":"wp","href":"https:\/\/api.w.org\/{rel}","templated":true}]}}