{"id":713,"date":"2025-06-18T16:55:02","date_gmt":"2025-06-18T16:55:02","guid":{"rendered":"https:\/\/ekg.jel.mybluehost.me\/website_d00f3b9d\/?page_id=25"},"modified":"2025-07-10T11:05:03","modified_gmt":"2025-07-10T09:05:03","slug":"prime-fresh-hurtowy-dostawca-swiezych-owocow-dla-supermarketow","status":"publish","type":"page","link":"https:\/\/primefresh.pl\/","title":{"rendered":"Prime Fresh hurtowy dostawca \u015bwie\u017cych owoc\u00f3w dla supermarket\u00f3w"},"content":{"rendered":"\n<div class=\"wp-block-premium-container premium-container-70842a6e982f  alignfull premium-is-root-container\"><div class=\"premium-container-inner-blocks-wrap\">\n<div class=\"wp-block-premium-heading premium-heading default premium-heading-c4b1af1743f8\"><div class=\"premium-title-container default \" data-backgroundtext=\"\" id=\"premium-heading-c4b1af1743f8\" data-icontype=\"icon\"><h1 class=\"premium-title-header premium-title-default__wrap  \" data-blur-delay=\"\" data-shiny-dur=\"\"><span class=\"premium-title-text-title\" style=\"min-height:15px;color:var(--theme-palette-color-8, #ffffff);text-shadow:0px 0px 10px transparent\">Prime Fresh hurtowy dostawca \u015bwie\u017cych owoc\u00f3w i warzyw dla supermarket\u00f3w<\/span><\/h1><\/div><\/div>\n\n\n\n<div class=\"wp-block-premium-text premium-text-7296b54d9a80 premium-text\"><h5 class=\"premium-text-wrap\">\u0141\u0105czymy pola z Twoimi p\u00f3\u0142kami: \u015bwie\u017ce, wyselekcjonowane owoce zawsze na czas.<\/h5><\/div>\n\n\n\n<div class=\"wp-block-premium-buttons premium-button-group premium-button-group-b5ca46153c89\"><div class=\"premium-button-group_wrap premium-button-group-class-css\">\n<div class=\"wp-block-premium-button premium-button__wrap premium-button-fec795746999 premium-button__slide premium-button__left\" data-icontype=\"icon\" id=\"premium-button-fec795746999\"><a href=\"https:\/\/primefresh.pl\/index.php\/najwyzszej-jakosci-produkty-prime-fresh\/\" rel=\"noopener noreferrer \" target=\"_self\" class=\"premium-button wp-block-button__link premium-button__lg premium-button__before premium-button-type\" style=\"color:var(--theme-palette-color-8, #ffffff)\"><div style=\"display:inline-flex;justify-content:center;align-items:center\" class=\"premium-button-icon fas_shopping-cart fe icon-type-fa\"><svg style=\"display:inline-block;vertical-align:middle\" viewBox=\"0 0 576 512\" height=\"24\" width=\"24\" fill=\"currentColor\" xmlns=\"http:\/\/www.w3.org\/2000\/svg\"><path d=\"M528.12 301.319l47.273-208C578.806 78.301 567.391 64 551.99 64H159.208l-9.166-44.81C147.758 8.021 137.93 0 126.529 0H24C10.745 0 0 10.745 0 24v16c0 13.255 10.745 24 24 24h69.883l70.248 343.435C147.325 417.1 136 435.222 136 456c0 30.928 25.072 56 56 56s56-25.072 56-56c0-15.674-6.447-29.835-16.824-40h209.647C430.447 426.165 424 440.326 424 456c0 30.928 25.072 56 56 56s56-25.072 56-56c0-22.172-12.888-41.332-31.579-50.405l5.517-24.276c3.413-15.018-8.002-29.319-23.403-29.319H218.117l-6.545-32h293.145c11.206 0 20.92-7.754 23.403-18.681z\"><\/path><\/svg><\/div><span class=\"premium-button-text-edit\" style=\"color:var(--theme-palette-color-8, #ffffff);text-shadow:0px 0px 10px transparent\"><strong>Poznaj nasze produkty<\/strong><\/span><\/a><\/div>\n<\/div><\/div>\n<\/div><\/div>\n\n\n\n<div class=\"wp-block-premium-heading premium-heading default premium-heading-0f2ec6eed3c8\"><div class=\"premium-title-container default \" data-backgroundtext=\"\" id=\"premium-heading-0f2ec6eed3c8\" data-icontype=\"icon\"><h2 class=\"premium-title-header premium-title-default__wrap  \" data-blur-delay=\"\" data-shiny-dur=\"\"><span class=\"premium-title-text-title\" style=\"min-height:15px;text-shadow:0px 0px 10px transparent\">\u015awie\u017ce rozwi\u0105zania dla sektora detalicznego<\/span><\/h2><\/div><\/div>\n\n\n\n<div class=\"wp-block-premium-text premium-text-6f0b9b207635 premium-text\"><p class=\"premium-text-wrap\">W Prime Fresh oferujemy starannie wyselekcjonowane owoce od certyfikowanych producent\u00f3w.<br>Specjalizujemy si\u0119 w hurtowej dystrybucji dla supermarket\u00f3w, zapewniaj\u0105c terminowo\u015b\u0107, identyfikowalno\u015b\u0107 i gwarancj\u0119 jako\u015bci.<\/p><\/div>\n\n\n\n<div class=\"wp-block-premium-container premium-container-5d93421ca417  alignfull premium-is-root-container\"><div class=\"premium-container-inner-blocks-wrap\">\n<div class=\"wp-block-premium-container premium-container-c7c9f751f5ac \"><div class=\"premium-container-inner-blocks-wrap\">\n<div class=\"wp-block-premium-icon-box premium-icon-box-4b520da667a6 is-style-default\"><div class=\"premium-icon-box-content is-style-default left\" style=\"border-style:none\">\n<div class=\"wp-block-premium-icon premium-icon premium-icon-c8fef83fed85 premium-icon__container\" data-icontype=\"img\" id=\"premium-icon-c8fef83fed85\"><div class=\"premium-icon-container premium-icon-class-css\" style=\"border-style:none;box-shadow:0px 0px 10px transparent \"><div class=\"premium-icon-content premium-icon__wobble\"><img loading=\"lazy\" decoding=\"async\" src=\"http:\/\/primefresh.pl\/wp-content\/uploads\/2025\/06\/cir-serv-fresh-1.webp\" class=\"wp-image-554 wp-image-555\" alt=\"\" width=\"260\" height=\"260\"\/><\/div><\/div><\/div>\n\n\n\n<div class=\"wp-block-premium-text premium-text-e1cac7371056 premium-text\"><h4 class=\"premium-text-wrap\">Sprzeda\u017c \u015bwie\u017cych owoc\u00f3w i warzyw<\/h4><\/div>\n<\/div><\/div>\n<\/div><\/div>\n\n\n\n<div class=\"wp-block-premium-container premium-container-d7e734f48da1 \"><div class=\"premium-container-inner-blocks-wrap\">\n<div class=\"wp-block-premium-icon-box premium-icon-box-8a0e38b76c31 is-style-default\"><div class=\"premium-icon-box-content is-style-default left\" style=\"border-style:none\">\n<div class=\"wp-block-premium-icon premium-icon premium-icon-0e1acacfe531 premium-icon__container\" data-icontype=\"img\" id=\"premium-icon-0e1acacfe531\"><div class=\"premium-icon-container premium-icon-class-css\" style=\"border-style:none;box-shadow:0px 0px 10px transparent \"><div class=\"premium-icon-content premium-icon__wobble\"><img loading=\"lazy\" decoding=\"async\" src=\"http:\/\/primefresh.pl\/wp-content\/uploads\/2025\/06\/cir-pack-fresh-1.webp\" class=\"wp-image-559 wp-image-560\" alt=\"\" width=\"260\" height=\"260\"\/><\/div><\/div><\/div>\n\n\n\n<div class=\"wp-block-premium-text premium-text-7751b909fab5 premium-text\"><h4 class=\"premium-text-wrap\">Konfekcjonowanie na \u017cyczenie<br>klienta<\/h4><\/div>\n<\/div><\/div>\n<\/div><\/div>\n\n\n\n<div class=\"wp-block-premium-container premium-container-97b66d268da3 \"><div class=\"premium-container-inner-blocks-wrap\">\n<div class=\"wp-block-premium-icon-box premium-icon-box-e68047f0578c is-style-default\"><div class=\"premium-icon-box-content is-style-default left\" style=\"border-style:none;border-color:#dcdcdc\">\n<div class=\"wp-block-premium-icon premium-icon premium-icon-96804b991de7 premium-icon__container\" data-icontype=\"img\" id=\"premium-icon-96804b991de7\"><div class=\"premium-icon-container premium-icon-class-css\" style=\"border-style:none;box-shadow:0px 0px 10px transparent \"><div class=\"premium-icon-content premium-icon__wobble\"><img loading=\"lazy\" decoding=\"async\" src=\"http:\/\/primefresh.pl\/wp-content\/uploads\/2025\/06\/cir-im-exp-1.webp\" class=\"wp-image-557 wp-image-558\" alt=\"\" width=\"260\" height=\"260\"\/><\/div><\/div><\/div>\n\n\n\n<div class=\"wp-block-premium-text premium-text-6931b9ee7860 premium-text\"><h4 class=\"premium-text-wrap\">Eksport i import produkt\u00f3w \u015bwie\u017cych<\/h4><\/div>\n<\/div><\/div>\n<\/div><\/div>\n\n\n\n<div class=\"wp-block-premium-container premium-container-38608e8c6c1f \"><div class=\"premium-container-inner-blocks-wrap\">\n<div class=\"wp-block-premium-icon-box premium-icon-box-3030dede46ff is-style-default\"><div class=\"premium-icon-box-content is-style-default left\" style=\"border-style:none\">\n<div class=\"wp-block-premium-icon premium-icon premium-icon-a95e2976ebd3 premium-icon__container\" data-icontype=\"img\" id=\"premium-icon-a95e2976ebd3\"><div class=\"premium-icon-container premium-icon-class-css\" style=\"border-style:none;box-shadow:0px 0px 10px transparent \"><div class=\"premium-icon-content premium-icon__wobble\"><img loading=\"lazy\" decoding=\"async\" src=\"http:\/\/primefresh.pl\/wp-content\/uploads\/2025\/06\/cir-rep-serv-1.webp\" class=\"wp-image-561 wp-image-562\" alt=\"\" width=\"260\" height=\"260\"\/><\/div><\/div><\/div>\n\n\n\n<div class=\"wp-block-premium-text premium-text-a218c908fe88 premium-text\"><h4 class=\"premium-text-wrap\">Rekonfekcja i etykietowanie zwrot\u00f3w<\/h4><\/div>\n<\/div><\/div>\n<\/div><\/div>\n<\/div><\/div>\n\n\n\n<div class=\"wp-block-premium-section premium-section-d5fd210de81b premium-section premium-section__stretch_true premium-section__boxed  alignfull\" style=\"border-style:none;box-shadow:0px 0px 10px transparent  \"><div class=\"premium-section__content_wrap premium-section__top\" style=\"max-width:1140px\"><div class=\"premium-section__content_inner premium-section__content_inner-variations\">\n<div class=\"wp-block-premium-heading premium-heading default premium-heading-e29bc11b04c8\"><div class=\"premium-title-container default \" data-backgroundtext=\"\" id=\"premium-heading-e29bc11b04c8\" data-icontype=\"icon\"><h2 class=\"premium-title-header premium-title-default__wrap  \" data-blur-delay=\"\" data-shiny-dur=\"\"><span class=\"premium-title-text-title\" style=\"min-height:15px;text-shadow:0px 0px 10px transparent\">Polecane produkty<\/span><\/h2><\/div><\/div>\n\n\n\n<div class=\"wp-block-premium-container premium-container-3e51386063b5  alignfull premium-is-root-container\"><div class=\"premium-container-inner-blocks-wrap\">\n<div class=\"wp-block-premium-container premium-container-612cf058b228 \"><div class=\"premium-container-inner-blocks-wrap\">\n<div class=\"wp-block-premium-icon-box premium-icon-box-ab1482b4bde1 is-style-default\"><div class=\"premium-icon-box-content is-style-default left\" style=\"border-style:none;border-color:#dcdcdc\">\n<div class=\"wp-block-premium-icon premium-icon premium-icon-248159b32528 premium-icon__container\" data-icontype=\"img\" id=\"premium-icon-248159b32528\"><div class=\"premium-icon-container premium-icon-class-css\" style=\"border-style:none;box-shadow:0px 0px 10px transparent \"><div class=\"premium-icon-content premium-icon__drop\"><img loading=\"lazy\" decoding=\"async\" src=\"https:\/\/primefresh.pl\/wp-content\/uploads\/2025\/06\/cir-tomate-1.webp\" class=\"wp-image-568\" alt=\"\" width=\"260\" height=\"260\" srcset=\"https:\/\/primefresh.pl\/wp-content\/uploads\/2025\/06\/cir-tomate-1.webp 260w, https:\/\/primefresh.pl\/wp-content\/uploads\/2025\/06\/cir-tomate-1-150x150.webp 150w\" sizes=\"auto, (max-width: 260px) 100vw, 260px\" \/><\/div><\/div><\/div>\n\n\n\n<div class=\"wp-block-premium-text premium-text-cd3d82d99568 premium-text\"><h3 class=\"premium-text-wrap\">Pomidory<\/h3><\/div>\n\n\n\n<div class=\"wp-block-premium-buttons premium-button-group premium-button-group-a4bdfd240c0a\"><div class=\"premium-button-group_wrap premium-button-group-class-css\">\n<div class=\"wp-block-premium-button premium-button__wrap premium-button-b011896853aa premium-button__none premium-button__top\" data-icontype=\"icon\" id=\"premium-button-b011896853aa\"><a href=\"https:\/\/primefresh.pl\/index.php\/pomidory-hurt-prime-fresh\/\" rel=\"noopener noreferrer \" target=\"_self\" class=\"premium-button wp-block-button__link premium-button__md premium-button__before premium-button-type\" style=\"color:var(--theme-palette-color-8, #ffffff)\"><span class=\"premium-button-text-edit\" style=\"color:var(--theme-palette-color-8, #ffffff);text-shadow:0px 0px 10px transparent\">Dowiedz si\u0119 wi\u0119cej<\/span><\/a><\/div>\n<\/div><\/div>\n<\/div><\/div>\n<\/div><\/div>\n\n\n\n<div class=\"wp-block-premium-container premium-container-c8235860351e \"><div class=\"premium-container-inner-blocks-wrap\">\n<div class=\"wp-block-premium-icon-box premium-icon-box-812b38730cbf is-style-default\"><div class=\"premium-icon-box-content is-style-default left\" style=\"border-style:none;border-color:#dcdcdc\">\n<div class=\"wp-block-premium-icon premium-icon premium-icon-3e55a2726ed8 premium-icon__container\" data-icontype=\"img\" id=\"premium-icon-3e55a2726ed8\"><div class=\"premium-icon-container premium-icon-class-css\" style=\"border-style:none;box-shadow:0px 0px 10px transparent \"><div class=\"premium-icon-content premium-icon__drop\"><img loading=\"lazy\" decoding=\"async\" src=\"https:\/\/primefresh.pl\/wp-content\/uploads\/2025\/06\/cir-borowki-1.webp\" class=\"wp-image-579\" alt=\"\" width=\"260\" height=\"260\" srcset=\"https:\/\/primefresh.pl\/wp-content\/uploads\/2025\/06\/cir-borowki-1.webp 260w, https:\/\/primefresh.pl\/wp-content\/uploads\/2025\/06\/cir-borowki-1-150x150.webp 150w\" sizes=\"auto, (max-width: 260px) 100vw, 260px\" \/><\/div><\/div><\/div>\n\n\n\n<div class=\"wp-block-premium-text premium-text-dc96f1b6ab66 premium-text\"><h3 class=\"premium-text-wrap\">Bor\u00f3wki<\/h3><\/div>\n\n\n\n<div class=\"wp-block-premium-buttons premium-button-group premium-button-group-9d063c864eb7\"><div class=\"premium-button-group_wrap premium-button-group-class-css\">\n<div class=\"wp-block-premium-button premium-button__wrap premium-button-48f7d94e5c9c premium-button__none premium-button__top\" data-icontype=\"icon\" id=\"premium-button-48f7d94e5c9c\"><a href=\"https:\/\/primefresh.pl\/index.php\/borowki-hurt-prime-fresh\/\" rel=\"noopener noreferrer \" target=\"_self\" class=\"premium-button wp-block-button__link premium-button__md premium-button__before premium-button-type\" style=\"color:var(--theme-palette-color-8, #ffffff)\"><span class=\"premium-button-text-edit\" style=\"color:var(--theme-palette-color-8, #ffffff);text-shadow:0px 0px 10px transparent\">Dowiedz si\u0119 wi\u0119cej<\/span><\/a><\/div>\n<\/div><\/div>\n<\/div><\/div>\n<\/div><\/div>\n\n\n\n<div class=\"wp-block-premium-container premium-container-587247e0a4f3 \"><div class=\"premium-container-inner-blocks-wrap\">\n<div class=\"wp-block-premium-icon-box premium-icon-box-891f75ef97ce is-style-default\"><div class=\"premium-icon-box-content is-style-default left\" style=\"border-style:none;border-color:#dcdcdc\">\n<div class=\"wp-block-premium-icon premium-icon premium-icon-38681782f1b3 premium-icon__container\" data-icontype=\"img\" id=\"premium-icon-38681782f1b3\"><div class=\"premium-icon-container premium-icon-class-css\" style=\"border-style:none;box-shadow:0px 0px 10px transparent \"><div class=\"premium-icon-content premium-icon__drop\"><img loading=\"lazy\" decoding=\"async\" src=\"https:\/\/primefresh.pl\/wp-content\/uploads\/2025\/06\/cir-fresas-1.webp\" class=\"wp-image-585\" alt=\"\" width=\"260\" height=\"260\" srcset=\"https:\/\/primefresh.pl\/wp-content\/uploads\/2025\/06\/cir-fresas-1.webp 260w, https:\/\/primefresh.pl\/wp-content\/uploads\/2025\/06\/cir-fresas-1-150x150.webp 150w\" sizes=\"auto, (max-width: 260px) 100vw, 260px\" \/><\/div><\/div><\/div>\n\n\n\n<div class=\"wp-block-premium-text premium-text-d1c12829d676 premium-text\"><h3 class=\"premium-text-wrap\">Truskawki<\/h3><\/div>\n\n\n\n<div class=\"wp-block-premium-buttons premium-button-group premium-button-group-90920f07529b\"><div class=\"premium-button-group_wrap premium-button-group-class-css\">\n<div class=\"wp-block-premium-button premium-button__wrap premium-button-f3eeb0961d84 premium-button__none premium-button__top\" data-icontype=\"icon\" id=\"premium-button-f3eeb0961d84\"><a href=\"https:\/\/primefresh.pl\/index.php\/truskawki-hurt-prime-fresh\/\" rel=\"noopener noreferrer \" target=\"_self\" class=\"premium-button wp-block-button__link premium-button__md premium-button__before premium-button-type\" style=\"color:var(--theme-palette-color-8, #ffffff)\"><span class=\"premium-button-text-edit\" style=\"color:var(--theme-palette-color-8, #ffffff);text-shadow:0px 0px 10px transparent\">Dowiedz si\u0119 wi\u0119cej<\/span><\/a><\/div>\n<\/div><\/div>\n<\/div><\/div>\n<\/div><\/div>\n\n\n\n<div class=\"wp-block-premium-container premium-container-40ffdc38e17e \"><div class=\"premium-container-inner-blocks-wrap\">\n<div class=\"wp-block-premium-icon-box premium-icon-box-6f9af9f23c33 is-style-default\"><div class=\"premium-icon-box-content is-style-default left\" style=\"border-style:none;border-color:#dcdcdc\">\n<div class=\"wp-block-premium-icon premium-icon premium-icon-00403eb7345f premium-icon__container\" data-icontype=\"img\" id=\"premium-icon-00403eb7345f\"><div class=\"premium-icon-container premium-icon-class-css\" style=\"border-style:none;box-shadow:0px 0px 10px transparent \"><div class=\"premium-icon-content premium-icon__drop\"><img loading=\"lazy\" decoding=\"async\" src=\"https:\/\/primefresh.pl\/wp-content\/uploads\/2025\/06\/cir-manzana.webp\" class=\"wp-image-586\" alt=\"\" width=\"260\" height=\"260\" srcset=\"https:\/\/primefresh.pl\/wp-content\/uploads\/2025\/06\/cir-manzana.webp 260w, https:\/\/primefresh.pl\/wp-content\/uploads\/2025\/06\/cir-manzana-150x150.webp 150w\" sizes=\"auto, (max-width: 260px) 100vw, 260px\" \/><\/div><\/div><\/div>\n\n\n\n<div class=\"wp-block-premium-text premium-text-fdcc9f018829 premium-text\"><h3 class=\"premium-text-wrap\">Jab\u0142ka<\/h3><\/div>\n\n\n\n<div class=\"wp-block-premium-buttons premium-button-group premium-button-group-1b9595b0ea82\"><div class=\"premium-button-group_wrap premium-button-group-class-css\">\n<div class=\"wp-block-premium-button premium-button__wrap premium-button-0991dcb34598 premium-button__none premium-button__top\" data-icontype=\"icon\" id=\"premium-button-0991dcb34598\"><a href=\"https:\/\/primefresh.pl\/index.php\/jablka-hurtowe-prime-fresh\/\" rel=\"noopener noreferrer \" target=\"_self\" class=\"premium-button wp-block-button__link premium-button__md premium-button__before premium-button-type\" style=\"color:var(--theme-palette-color-8, #ffffff)\"><span class=\"premium-button-text-edit\" style=\"color:var(--theme-palette-color-8, #ffffff);text-shadow:0px 0px 10px transparent\">Dowiedz si\u0119 wi\u0119cej<\/span><\/a><\/div>\n<\/div><\/div>\n<\/div><\/div>\n<\/div><\/div>\n<\/div><\/div>\n<\/div><\/div><\/div>\n\n\n\n<div class=\"wp-block-premium-container premium-container-5045bac894a9  alignwide premium-is-root-container\"><div class=\"premium-container-inner-blocks-wrap\">\n<div class=\"wp-block-premium-heading premium-heading default premium-heading-723fe227aa47\"><div class=\"premium-title-container default \" data-backgroundtext=\"\" id=\"premium-heading-723fe227aa47\" data-icontype=\"icon\"><h2 class=\"premium-title-header premium-title-default__wrap  \" data-blur-delay=\"\" data-shiny-dur=\"\"><span class=\"premium-title-text-title\" style=\"min-height:15px;text-shadow:0px 0px 10px transparent\">Czy Twoja firma nie zas\u0142uguje na wi\u0119cej?<\/span><\/h2><\/div><\/div>\n\n\n\n<div class=\"wp-block-premium-heading premium-heading default premium-heading-5e031d75212c\"><div class=\"premium-title-container default \" data-backgroundtext=\"\" id=\"premium-heading-5e031d75212c\" data-icontype=\"icon\"><h4 class=\"premium-title-header premium-title-default__wrap before \" data-blur-delay=\"\" data-shiny-dur=\"\"><span style=\"display:inline-flex;justify-content:center;align-items:center\" class=\"premium-title-icon fe_phoneIncoming icon-type-fe\"><svg style=\"display:inline-block;vertical-align:middle\" viewBox=\"0 0 24 24\" height=\"24\" width=\"24\" fill=\"none\" stroke=\"currentColor\" xmlns=\"http:\/\/www.w3.org\/2000\/svg\" stroke-width=\"2\" stroke-linecap=\"round\" stroke-linejoin=\"round\"><polyline points=\"16 2 16 8 22 8\"><\/polyline><line x1=\"23\" y1=\"1\" x2=\"16\" y2=\"8\"><\/line><path d=\"M22 16.92v3a2 2 0 0 1-2.18 2 19.79 19.79 0 0 1-8.63-3.07 19.5 19.5 0 0 1-6-6 19.79 19.79 0 0 1-3.07-8.67A2 2 0 0 1 4.11 2h3a2 2 0 0 1 2 1.72 12.84 12.84 0 0 0 .7 2.81 2 2 0 0 1-.45 2.11L8.09 9.91a16 16 0 0 0 6 6l1.27-1.27a2 2 0 0 1 2.11-.45 12.84 12.84 0 0 0 2.81.7A2 2 0 0 1 22 16.92z\"><\/path><\/svg><\/span><span class=\"premium-title-text-title\" style=\"min-height:15px;color:var(--theme-palette-color-8, #ffffff);text-shadow:0px 0px 10px transparent\">Skontaktuj si\u0119 z nami, aby uzyska\u0107 wi\u0119cej informacji <br>na temat wsp\u00f3\u0142pracy i wzmocnienia Twojej firmy.<\/span><\/h4><\/div><\/div>\n\n\n\n<div class=\"wp-block-premium-buttons premium-button-group premium-button-group-56597e268ca8\"><div class=\"premium-button-group_wrap premium-button-group-class-css\">\n<div class=\"wp-block-premium-button premium-button__wrap premium-button-5b84c074ec09 premium-button__none premium-button__top\" data-icontype=\"icon\" id=\"premium-button-5b84c074ec09\"><a href=\"mailto:joanna@primefresh.pl\" rel=\"noopener noreferrer \" target=\"_self\" class=\"premium-button wp-block-button__link premium-button__md premium-button__before premium-button-type\" style=\"color:var(--theme-palette-color-8, #ffffff)\"><span class=\"premium-button-text-edit\" style=\"color:var(--theme-palette-color-8, #ffffff);text-shadow:0px 0px 10px transparent\">Skontaktuj si\u0119 z nami<\/span><\/a><\/div>\n<\/div><\/div>\n<\/div><\/div>\n","protected":false},"excerpt":{"rendered":"","protected":false},"author":1,"featured_media":0,"parent":0,"menu_order":0,"comment_status":"closed","ping_status":"closed","template":"","meta":{"footnotes":""},"class_list":["post-713","page","type-page","status-publish","hentry"],"blocksy_meta":[],"pbg_featured_image_src":{"full":false,"thumbnail":false,"medium":false,"medium_large":false,"large":false,"1536x1536":false,"2048x2048":false},"pbg_author_info":{"display_name":"admin","author_link":"https:\/\/primefresh.pl\/index.php\/author\/admin\/","author_img":"<img alt='admin' src='https:\/\/secure.gravatar.com\/avatar\/6a1ceb428a775551017f7f087c42c46f709a3408a7fc82a07e55c87553f8724e?s=128&#038;d=mm&#038;r=g' srcset='https:\/\/secure.gravatar.com\/avatar\/6a1ceb428a775551017f7f087c42c46f709a3408a7fc82a07e55c87553f8724e?s=256&#038;d=mm&#038;r=g 2x' class='avatar avatar-128 photo' height='128' width='128' loading='lazy' decoding='async'\/>"},"pbg_comment_info":" No Comments","pbg_excerpt":null,"_links":{"self":[{"href":"https:\/\/primefresh.pl\/index.php\/wp-json\/wp\/v2\/pages\/713","targetHints":{"allow":["GET"]}}],"collection":[{"href":"https:\/\/primefresh.pl\/index.php\/wp-json\/wp\/v2\/pages"}],"about":[{"href":"https:\/\/primefresh.pl\/index.php\/wp-json\/wp\/v2\/types\/page"}],"author":[{"embeddable":true,"href":"https:\/\/primefresh.pl\/index.php\/wp-json\/wp\/v2\/users\/1"}],"replies":[{"embeddable":true,"href":"https:\/\/primefresh.pl\/index.php\/wp-json\/wp\/v2\/comments?post=713"}],"version-history":[{"count":31,"href":"https:\/\/primefresh.pl\/index.php\/wp-json\/wp\/v2\/pages\/713\/revisions"}],"predecessor-version":[{"id":1219,"href":"https:\/\/primefresh.pl\/index.php\/wp-json\/wp\/v2\/pages\/713\/revisions\/1219"}],"wp:attachment":[{"href":"https:\/\/primefresh.pl\/index.php\/wp-json\/wp\/v2\/media?parent=713"}],"curies":[{"name":"wp","href":"https:\/\/api.w.org\/{rel}","templated":true}]}}